190?
True
Does 24 divide 1871?
False
Does 30 divide 261?
False
Is 315 a multiple of 15?
True
Is 11 a factor of 517?
True
Does 4 divide 959?
False
Does 4 divide 564?
True
Does 7 divide 45?
False
Is 17 a factor of 21760?
True
Is 1380 a multiple of 12?
True
Is 89307 a multiple of 115?
False
Is 1139 a multiple of 2?
False
Does 18 divide 11754?
True
Is 32 a factor of 3213?
False
Is 17 a factor of 8737?
False
Is 166 a factor of 11384?
False
Is 97524 a multiple of 86?
True
Is 1489 a multiple of 16?
False
Does 73 divide 11114?
False
Does 39 divide 507?
True
Is 108 a multiple of 5?
False
Is 7 a factor of 546?
True
Is 1584 a multiple of 12?
True
Is 241 a multiple of 11?
False
Does 296 divide 53654?
False
Is 124 a factor of 24428?
True
Does 14 divide 770?
True
Is 5140 a multiple of 10?
True
Does 10 divide 381?
False
Is 3068 a multiple of 9?
False
Is 25 a factor of 4404?
False
Is 6412 a multiple of 4?
True
Is 84300 a multiple of 150?
True
Is 16 a factor of 237?
False
Is 1828 a multiple of 13?
False
Is 224 a multiple of 16?
True
Is 3990 a multiple of 38?
True
Is 241 a multiple of 6?
False
Is 14425 a multiple of 25?
True
Is 37865 a multiple of 52?
False
Is 9 a factor of 12?
False
Is 1596 a multiple of 24?
False
Is 19 a factor of 1995?
True
Does 173 divide 9629?
False
Is 380 a multiple of 59?
False
Is 8 a factor of 968?
True
Does 12 divide 115?
False
Is 34 a factor of 946?
False
Is 2886 a multiple of 37?
True
Is 7128 a multiple of 44?
True
Is 87 a multiple of 35?
False
Does 25 divide 7400?
True
Is 5073 a multiple of 73?
False
Does 4 divide 3140?
True
Is 8 a factor of 6528?
True
Is 14 a factor of 1722?
True
Does 62 divide 104?
False
Is 1176 a multiple of 38?
False
Is 12 a factor of 116028?
True
Is 1276 a multiple of 29?
True
Does 27 divide 906?
False
Does 3 divide 2761?
False
Is 68 a factor of 760?
False
Is 104 a multiple of 22?
False
Is 11 a factor of 988?
False
Does 10 divide 44450?
True
Is 7 a factor of 65989?
True
Is 331 a multiple of 53?
False
Is 26 a factor of 104?
True
Does 213 divide 31198?
False
Is 7 a factor of 509?
False
Is 662 a multiple of 61?
False
Does 28 divide 1202?
False
Is 132 a multiple of 66?
True
Is 2824 a multiple of 15?
False
Is 10 a factor of 1040?
True
Is 207 a multiple of 36?
False
Does 23 divide 124?
False
Does 8 divide 73811?
False
Is 1010 a multiple of 38?
False
Does 2 divide 59?
False
Is 102 a factor of 6772?
False
Does 63 divide 1764?
True
Is 3010 a multiple of 35?
True
Does 5 divide 523?
False
Is 7 a factor of 582?
False
Does 40 divide 3600?
True
Is 532 a multiple of 4?
True
Is 700 a multiple of 25?
True
Does 10 divide 3604?
False
Does 52 divide 4427?
False
Is 2373 a multiple of 33?
False
Is 16884 a multiple of 134?
True
Does 16 divide 5888?
True
Is 40 a factor of 129480?
True
Does 15 divide 870?
True
Is 53 a factor of 37259?
True
Is 19 a factor of 1882?
False
Does 27 divide 29896?
False
Is 7 a factor of 2576?
True
Is 3135 a multiple of 19?
True
Is 34241 a multiple of 4?
False
Is 25 a factor of 610?
False
Does 119 divide 952?
True
Does 41 divide 1797?
False
Is 11317 a multiple of 21?
False
Is 7707 a multiple of 15?
False
Is 14 a factor of 840?
True
Is 10 a factor of 27650?
True
Is 13006 a multiple of 46?
False
Is 84 a factor of 15778?
False
Is 63 a multiple of 9?
True
Is 160 a multiple of 20?
True
Is 78938 a multiple of 29?
True
Is 364 a multiple of 44?
False
Is 11020 a multiple of 20?
True
Is 101 a multiple of 101?
True
Is 23604 a multiple of 42?
True
Does 131 divide 15851?
True
Does 13 divide 871?
True
Does 24 divide 1252?
False
Is 35 a factor of 709?
False
Does 3 divide 10707?
True
Is 36062 a multiple of 26?
True
Is 57 a factor of 1534?
False
Is 10516 a multiple of 145?
False
Is 512 a multiple of 32?
True
Is 20904 a multiple of 52?
True
Does 25 divide 5873?
False
Does 59 divide 3953?
True
Is 4 a factor of 17088?
True
Is 22 a factor of 3884?
False
Is 18688 a multiple of 32?
True
Is 1690 a multiple of 13?
True
Is 3 a factor of 707?
False
Does 5 divide 155?
True
Is 144 a factor of 2810?
False
Does 133 divide 22743?
True
Is 280 a multiple of 2?
True
Is 62640 a multiple of 20?
True
Does 77 divide 33110?
True
Is 346 a multiple of 14?
False
Does 140 divide 2380?
True
Does 11 divide 7078?
False
Is 3016 a multiple of 139?
False
Is 2604 a multiple of 14?
True
Does 7 divide 5220?
False
Is 4 a factor of 2594?
False
Is 859 even?
False
Is 14 a factor of 2072?
True
Is 39 a factor of 5624?
False
Does 10 divide 8160?
True
Is 230 a factor of 13062?
False
Is 191 a factor of 32002?
False
Does 21 divide 928?
False
Is 3 a factor of 7665?
True
Is 17 a factor of 204?
True
Does 50 divide 2300?
True
Does 50 divide 40684?
False
Is 13456 a multiple of 29?
True
Is 30 a factor of 1331?
False
Is 138 a factor of 52951?
False
Is 40 a factor of 480?
True
Does 50 divide 2807?
False
Is 8376 a multiple of 24?
True
Is 1387 a multiple of 23?
False
Is 21076 a multiple of 96?
False
Is 39936 a multiple of 78?
True
Is 356 a multiple of 13?
False
Is 30 a factor of 230?
False
Is 2457 a multiple of 21?
True
Does 18 divide 4588?
False
Is 5 a factor of 4156?
False
Does 259 divide 32228?
False
Is 24 a factor of 174480?
True
Is 96 a factor of 1202?
False
Does 12 divide 2652?
True
Is 48 a factor of 24048?
True
Is 491 a multiple of 29?
False
Does 46 divide 2169?
False
Does 25 divide 20725?
True
Does 38 divide 190?
True
Is 42 a factor of 3083?
False
Is 11 a factor of 12259?
False
Does 37 divide 595?
False
Is 3 a factor of 39?
True
Is 16 a multiple of 2?
True
Is 16 a factor of 15273?
False
Is 103 a factor of 4635?
True
Is 435 a multiple of 15?
True
Is 27 a factor of 1188?
True
Is 19 a factor of 323?
True
Is 17 a factor of 1105?
True
Is 235 a multiple of 47?
True
Is 3870 a multiple of 4?
False
Does 7 divide 320?
False
Does 3 divide 39?
True
Is 3335 a multiple of 14?
False
Does 84 divide 2688?
True
Is 8 a factor of 1752?
True
Does 3 divide 84?
True
Is 2256 a multiple of 47?
True
Is 803 a multiple of 89?
False
Does 8 divide 23816?
True
Is 32 a factor of 10645?
False
Is 9 a factor of 150?
False
Does 4 divide 577?
False
Is 15 a factor of 1470?
True
Is 10 a factor of 416?
False
Is 1845 a multiple of 45?
True
Is 3920 a multiple of 20?
True
Is 5910 a multiple of 13?
False
Is 16 a factor of 16832?
True
Does 226 divide 1102?
False
Is 745 a multiple of 149?
True
Does 6 divide 540?
True
Is 9280 a multiple of 58?
True
Is 150 a factor of 3634?
False
Does 11 divide 560?
False
Is 1380 a multiple of 60?
True
Is 47 a factor of 517?
True
Is 2 a factor of 76?
True
Is 34 a factor of 7892?
False
Is 22 a factor of 7150?
True
Does 178 divide 32396?
True
Is 14580 a multiple of 90?
True
Is 483 a multiple of 7?
True
Is 3 a factor of 37?
False
Is 255 a multiple of 34?
False
Does 16 divide 704?
True
Is 238 a multiple of 7?
True
Is 3303 a multiple of 6?
False
Is 2428 a multiple of 25?
False
Is 547 a multiple of 41?
False
Is 391 a multiple of 55?
False
Is 15 a factor of 947?
False
Is 449 even?
False
Is 2418 a multiple of 31?
True
Is 7 a factor of 133?
True
Does 25 divide 12691?
False
Is 1254 a multiple of 22?
True
Is 81 a multiple of 9?
True
Does 41 divide 1180?
False
Is 3 a factor of 201?
True
Does 30 divide 5010?
True
Is 96559 a multiple of 81?
False
Is 11997 a multiple of 55?
False
Does 7 divide 7485?
False
Does 25 divide 500?
True
Is 39 a factor of 719?
False
Is 56 a factor of 711?
False
Is 1458 a multiple of 18?
True
Does 26 divide 3248?
False
Is 208 a multiple of 48?
False
Is 18 a factor of 4780?
False
Is 122 a factor of 69162?
False
Does 202 divide 2424?
True
Is 57 a factor of 5348?
False
Is 20340 a multiple of 15?
True
Is 22 a factor of 70950?
True
Is 22 a factor of 506?
True
Is 2042 a multiple of 4?
False
Is 1615 a multiple of 85?
True
Is 4 a factor of 1562?
False
Is 15 a factor of 172?
False
Is 7272 a multiple of 72?
True
Is 999 a multiple of 12?
False
Does 56 divide 7493?
False
Does 13 divide 1105?
True
Is 6309 a multiple of 88?
False
Does 4 divide 105?
False
Is 12260 a multiple of 5?
True
Does 28 divide 7728?
True
Does 101 divide 8717?
False
Is 6705 a multiple of 15?
True
Is 116 a factor of 20880?
True
Is 45050 a multiple of 33?
False
Is 26 a factor of 14724?
False
Is 4409 a multiple of 52?
False
Does 30 divide 6008?
False
Is 4 a factor of 239?
False
Is 50953 a multiple of 7?
True
Is 20348 